umber?
True
Suppose 0 = -k + 4*g + 227, 0 = -4*g + 5*g. Let t = -142 + k. Is t a prime number?
False
Suppose 4*d - 20 = f, -4*d - 3*f + 4 = -0*d. Suppose 2*p + u = 3345, 2*p - d*u - 820 = 2510. Is p composite?
True
Let b(w) = -w - 2. Let o be b(-4). Suppose -o*p + 208 = 2*p. Suppose v - p = 27. Is v a composite number?
False
Suppose -l + 5100 + 15831 = 0. Is l composite?
True
Suppose 4*t + 328 = -240. Suppose -2*v = -5*v - c - 1559, 2*v = -5*c - 1022. Let l = t - v. Is l composite?
False
Suppose -5*v + 2*t - 17 = 0, -4*v + 2*t = -t + 8. Let n be (6/(-4))/(v/10). Let w(z) = z**2 + 2*z. Is w(n) a prime number?
False
Suppose 0 = -5*h - 235 + 10500. Is h a composite number?
False
Let s = 178408 + -95951. Is s a prime number?
True
Let n(p) = 534*p - 7. Is n(4) a composite number?
False
Let x(y) = -2*y**3 + 10*y**2 + 2*y - 8. Let k be x(5). Suppose 6*h + 4*w - 2168 = k*h, -4*w = -5*h + 2701. Is h a prime number?
True
Let q be (2/(-4))/((-1)/(-4)). Is q/(-4*1/674) prime?
True
Suppose -2*q + 5*p = -54, q + 4*p - 43 + 3 = 0. Let g be (-61)/2*q/8. Let z = g - -201. Is z a prime number?
True
Suppose 0*r - 2*r - 2*w + 2284 = 0, 1117 = r - 4*w. Suppose r + 1817 = o. Is 15/(-10) - o/(-4) a prime number?
False
Let s(m) = 8*m + 5. Let q be s(4). Suppose -v + 140 = -q. Is v prime?
False
Let u(b) be the second derivative of b**6/40 + b**5/15 + b**4/24 + 5*b**3/6 + b**2 + 3*b. Let q(p) be the first derivative of u(p). Is q(4) composite?
True
Let s = -1 - -1. Suppose s*f - 2 = -f. Suppose f*g - 574 = -0*g. Is g a composite number?
True
Let u(o) = -o**2 + 6*o + 4. Let i = 12 + -6. Let h be u(i). Suppose 5*r - h*d = 535, -4*d - 20 = -0*d. Is r composite?
False
Let j be (1/2)/((-24)/(-144)). Suppose d + 24 = -3*d. Is (746/j)/(d/(-9)) prime?
True
Suppose 0 = -f - a + 8, -13 = -f + 5*a + 19. Let p be (-150)/(-36) + (-2)/f. Suppose 6*c - 1297 = c + 4*g, -p*c - 4*g + 1016 = 0. Is c a composite number?
False
Suppose 3*i = -2*d + 2*i - 23, -4 = 4*i. Let g = 734 + d. Is g a prime number?
False
Let o(y) = 8*y**2 + 6*y - 22 - 5*y**2 + 7 - 14. Is o(6) prime?
False
Let m = 1395 + 2984. Is m a composite number?
True
Suppose 7*b + 16 = 5*g + 3*b, 0 = -2*g - 3*b + 11. Let f(j) = 5*j**2 - 2*j - 8. Let u(x) = x. Let y(w) = g*u(w) + f(w). Is y(5) a composite number?
False
Let g be (11/(-22))/(1/2). Let z(n) = -792*n - 3. Is z(g) a composite number?
True
Let p(i) = 147*i**2 + 23*i + 3. Is p(5) a prime number?
True
Suppose -4*o = 3*f - 6137, -5*o - 8193 = 10*f - 14*f. Is f composite?
True
Let i be (-12 + 1751)*(-3)/(-3). Let v = i - 528. Is v a composite number?
True
Let t(v) = -1746*v - 7. Is t(-46) a prime number?
True
Let z(m) = 4*m**2 - 8*m - 8. Let t(k) = 4*k**2 - 8*k - 9. Let a(y) = 5*t(y) - 4*z(y). Let w be 68/8 - (-6)/4. Is a(w) a composite number?
False
Suppose 11 = 4*j - 13. Suppose -4*c - j = -7*c. Suppose c*p = 5*o + 72, 120 = 3*p + p + 2*o. Is p prime?
True
Let x = 12 + -10. Suppose -6 = -3*m - x*t, -4*m - 4*t + 8 = -t. Suppose m*a = a + 307. Is a prime?
True
Suppose -3*y - 6*m = -m + 319, -213 = 2*y + 3*m. Let i(d) = 79*d**2 - 2*d - 1. Let a be i(-2). Let g = a - y. Is g a prime number?
False
Suppose 4*k + 0*x - 3*x + 16 = 0, 4 = -k - 2*x. Let h be (-7)/((-14)/k) + 4. Is h/(-6) - 3438/(-27) composite?
False
Let c = -1683 - -4710. Is c composite?
True
Is (-6 - -8)*(-35305)/(-10) prime?
False
Let r be -8 - 1*(2 + -1). Let b be (-7)/(-14)*36 + 1. Let f = b + r. Is f a composite number?
True
Let v(t) be the third derivative of -t**5/60 - t**4/4 + 3*t**3/2 + 8*t**2. Let s be v(-7). Suppose -4*g = -0*y + y - 81, -s*y + 155 = g. Is y prime?
False
Suppose 0 = -5*f - u + 11562, -3*f = 4*u - 2*u - 6933. Suppose -m + f = 8*m. Is m a prime number?
True
Let g(k) be the third derivative of -k**5/60 + 127*k**3/3 + 11*k**2. Is g(0) a prime number?
False
Let s(t) = -123*t + 5. Is s(-2) a composite number?
False
Let i be (20/(-8) + 2)*-8. Suppose 0 = -5*y - 4*z + 479, -2*y + 126 = -3*z - 84. Let f = y + i. Is f a prime number?
True
Suppose 15*n - 236387 = 99928. Is n composite?
True
Suppose -w + 26295 = -2*u, 0 = 2*w + u + 22861 - 75476. Is w composite?
True
Let i be (1 + -6)*((-49)/(-5) - 9). Suppose -4*n + 9*n - 555 = 0. Let w = n - i. Is w a prime number?
False
Let q(i) = -1450*i - 3. Is q(-2) composite?
False
Let i(y) = -y**3 - 9*y**2 - 3*y + 4. Let l be i(-4). Let c = 628 + -379. Let k = c + l. Is k a composite number?
True
Let q(o) = -3 - 2 + 4 + 150*o**3. Suppose -4*d = x - 3 - 0, 0 = 4*x + 4. Is q(d) prime?
True
Suppose 2*u - 137 = -17. Suppose 4*k - 4*f - u = 0, -k + 43 = 4*k + 3*f. Let o = k - -32. Is o a composite number?
False
Is 3334 + 8/12*21/2 a composite number?
True
Let r = 37 - -610. Is r a prime number?
True
Suppose 2390 = 3*w + 4*h, 0 = 5*w - 3*h + 1110 - 5074. Is w a prime number?
False
Let m = 8 + -6. Suppose 112 = -3*r - 4*n, n + m = -r - 35. Let i = 69 + r. Is i a prime number?
False
Let o = 125996 + -88155. Is o a prime number?
False
Let o = 30 - 33. Is (0 - 487)/(o - -2) prime?
True
Suppose 7*z + 6 + 29 = 0. Let l = z - 6. Let i(b) = -5*b + 2. Is i(l) a composite number?
True
Suppose d - 4*z - 1593 = 0, -414 - 5874 = -4*d - 5*z. Is d a prime number?
False
Suppose x + 865 = -4*g, 0 = 3*g - 6*g - 5*x - 670. Let t = 326 + g. Is t a prime number?
False
Let t = 13 - 8. Suppose k - 20 = -k - 4*d, -5*k - t*d = -30. Suppose -335 = -3*h - k*h. Is h composite?
False
Suppose 7*m - 53468 = 10337. Is m prime?
False
Let b = 288 - 277. Let z(a) = -a**3 + 2*a**3 - a - 11*a**2 + 3*a + 9. Is z(b) composite?
False
Let p(j) = j**2 + j + 11. Let h(d) be the second derivative of -d**4/6 - d**3/3 - 6*d**2 + 3*d. Let b(x) = -4*h(x) - 5*p(x). Is b(5) prime?
True
Let b = -40675 + 95396. Is b prime?
True
Suppose -91*d + 81*d = -844990. Is d prime?
True
Suppose 3*v - 59792 = -4*c - 15690, -4*c = -2*v - 44112. Is c a composite number?
False
Suppose 0 = -2*r + 5*x + 1774, -1410 = -2*r - 3*x + 364. Is r a prime number?
True
Suppose -n + 454 = -0*n. Suppose -5*z + n = -661. Is z a composite number?
False
Suppose 5*l - 5*b - 1273 = -238, 3*l = -3*b + 645. Is l a prime number?
True
Suppose -3*c - 12 = 3. Let z be 2/c + (-231)/35. Let k(u) = -7*u + 4. Is k(z) a prime number?
True
Let l = -19 + 30. Let f(b) = 6*b**3 + 6*b**2 - 4*b - 1. Let x be f(1). Suppose x*t = l*t - 1996. Is t a composite number?
False
Let o(y) = y**3 + 3*y**2 - y - 1. Let l be o(-3). Suppose l*q = 3*q - 1049. Is q composite?
False
Suppose 10*a + 7599 = 2509. Let m = 1288 - a. Is m composite?
True
Suppose 5*o + 143 = 3*y - 46581, -3*y + 46740 = 3*o. Is y composite?
True
Let t(w) = w**2 - 1. Let i be t(1). Suppose i = -2*f - f + 633. Is f prime?
True
Let k(f) = 1877*f**2 + 8*f - 79. Is k(8) a prime number?
False
Let g(m) = -106*m**3 + m**2 + 3*m + 4. Let z be g(-3). Let p = z - 297. Is p prime?
False
Suppose 86*w = 63*w + 338077. Is w a prime number?
True
Suppose 2*l - 5*v = -416, -4*l - 210 = -3*l - 3*v. Let q = l - -376. Is q a prime number?
False
Let f(h) = -h**3 + 38*h**2 + 61*h - 101. Is f(39) composite?
False
Let z(a) = -6*a - 6. Let y be 39/(-6) + (-6)/4. Let p be z(y). Let c = 227 - p. Is c a composite number?
True
Let g(t) = -12*t - 25. Let q(a) = 10*a + 25. Let i(m) = 4*g(m) + 3*q(m). Is i(-12) composite?
False
Let q(h) = 2*h - 12. Let c be q(8). Let u(d) = 2 + c*d - d**2 + 2 - 6 + 5*d**2. Is u(-4) prime?
False
Suppose 4*m - 3*c - 8371 = 2*c, -m + 2114 = 3*c. Is m a prime number?
True
Is (1 - -2)*(-113 - -4486) a prime number?
False
Let f be 3/(-1) - (-58)/1. Suppose -y + f = -6*y. Let x(v) = v**3 + 11*v**2 - 8*v - 5. Is x(y) a composite number?
False
Let d(u) be the second derivative of -u**5/20 + 17*u**4/12 - u**3/3 - 3*u**2/2 - u. Suppose 15*z = 189 - 39. Is d(z) composite?
False
Suppose -6 = -14*x - 20. Is 36*-94*x/2 - -1 a prime number?
True
Suppose l + 4*q - 90399 = -0*l, 0 = -4*l + 2*q + 361686. Is l prime?
False
Suppose -n - 4 = 2*z + 2*z, 0 = 3*n + 3*z - 15. Let k be n/(-28) - (-568)/28. Let p = 51 - k. Is p prime?
True
Suppose -3*k = -76200 - 121779. Is k composite?
False
Suppose -5*y = -4*z - 5743, 7*z - 5*z - 6 = 0. Is y prime?
True
Suppose -1967 = -5*l + 943. Let m = l + 1081. Is m a composite number?
False
Let l = -26 - -40. Is 2/4*2*(l - -1103) prime?
True
Let l(b) = -b**2 + 31*b - 61. Is l(21) comp